and l.
15
Let t be 1/(2/438) + 2. Let g = -11897 - -11923. Calculate the highest common divisor of g and t.
13
Suppose -5*u = -48 - 87. Let v be 12/(-9)*u/6. Let g be 28/((4/v)/(3 + -6)). Calculate the greatest common factor of 14 and g.
14
Let v(y) = y**2 + 1153*y + 9. Let r be v(0). Calculate the greatest common factor of r and 15102.
9
Let d = -476 + 503. Suppose -7*q + 3*q = -360. What is the greatest common divisor of d and q?
9
Suppose -3*c = -4 - 23. Let y = 23 + c. Suppose -3*n - 5*m = -1121, -107*n - 4*m - 300 = -108*n. Calculate the highest common divisor of y and n.
32
Let c(n) = 9*n - 14. Let r be 6/(-2)*(-55)/33. Let g be c(r). What is the greatest common divisor of g and 124?
31
Suppose 3*i + 5*n + 34 = 0, 0 = 3*i + i + 2*n + 36. Let j be i/(32/(-468)) - -3. Let p be (14/4 - 3)*6*5. Calculate the highest common divisor of j and p.
15
Let m(p) = -194*p + 2858. Let t be m(13). Calculate the greatest common divisor of t and 264.
24
Let f(c) = 2*c**2 - 11*c + 14. Let x be f(6). Suppose 33 + 55 = 5*w - 87. Calculate the greatest common factor of w and x.
5
Let f(c) = -3*c**2 + 52*c - 10. Let i be f(16). Suppose 0 = 2*j - 2 - i. Calculate the highest common divisor of j and 70.
14
Suppose 5*o = -4*o + 45. Suppose 4*g + 0*g = -3*k + 39, -57 = -o*k - 4*g. Calculate the highest common divisor of k and 9.
9
Suppose 1 = -t + 5*y - 1, 3*y + 12 = 5*t. Suppose m + t*x = 153, 3*m - 459 = -3*x + x. What is the greatest common factor of 17 and m?
17
Let k be 14 - ((-16)/(-4) - 1). Let b(j) = -29*j + 24. Let r be b(k). Let p be r/(-3) + 4/6. Calculate the greatest common divisor of 11 and p.
11
Suppose -582 = -5*m + 2*z, 232 = 5*m - 3*z - 341. What is the greatest common divisor of m and 7380?
60
Suppose 4*q = -b - 0*q - 94, 4*q = 5*b + 542. Let x = b - -336. What is the highest common divisor of x and 23?
23
Let b(q) = 99*q - 43*q - 4 - 45. Let d be b(5). Calculate the highest common factor of d and 132.
33
Suppose -20 = -3*n - 2*n, 0 = -3*y - 2*n - 12880. Let g be y/(-102) - 2/17. Calculate the greatest common factor of g and 6.
6
Let m(d) = 21*d - 1415. Let w be m(68). What is the greatest common factor of 546 and w?
13
Suppose 3*n = 3, -7*v + 5*n = -3*v - 199. Let l(f) = f**3 - 20*f - 3*f**2 + f**2 + 97 - 22 + 11*f. Let a be l(9). What is the highest common factor of a and v?
51
Suppose -7*y + 90 = -12*y. Let b be (y - -26)/((-3)/(-6)). What is the greatest common divisor of 16 and b?
16
Suppose 3*x - 4*x + 201 = 0. Let y = -69064 + 69131. What is the greatest common divisor of x and y?
67
Let n be 450/(-27)*(-144)/32. What is the greatest common factor of 1185 and n?
15
Suppose -634 = -4*k - 2*a, 155*a - 160 = -k + 156*a. What is the greatest common factor of k and 3127?
53
Let l(r) = -113*r**3 + r**2 - 45*r - 291. Let s be l(-5). Calculate the greatest common factor of 28 and s.
28
Let g = 6 - 14. Let w = g + 20. Suppose -7*y + 150 = 57 - 47. What is the highest common divisor of y and w?
4
Suppose -5*b - 5*h = -24965, 3*h - 9990 = -2*b + 2*h. What is the greatest common divisor of 38 and b?
19
Suppose 3*s - m - 313 = 0, s + 0*s = -4*m + 126. What is the greatest common factor of 5989 and s?
53
Suppose 14*f - 71265 - 46671 = -64*f. What is the highest common divisor of 2808 and f?
216
Let a be -1*((-150)/(-35) - 4) + (-410)/(-14). Calculate the greatest common divisor of a and 7888.
29
Suppose 16*h - 102675 + 18643 = 0. What is the highest common divisor of 208 and h?
52
Let k(t) = -7*t**3 + 36*t**2 + 2*t - 22. Let c be k(5). Suppose -2*f = f - 69. Let w = -10 + f. Calculate the highest common divisor of w and c.
13
Suppose -8*p = -16*p + 32. Let o be (-35 + 110)/(6/p + -1). What is the highest common divisor of o and 375?
75
Let w(x) = 7*x**3 - 7*x**2 + x + 6. Suppose 0 = -i + 5*f - 12, 5*f - 3 = -2*i + 6*i. Let s be w(i). What is the highest common divisor of 45 and s?
45
Suppose -166*t + 169*t - 488 = 250. Calculate the greatest common factor of t and 410.
82
Let b = 1 + 19. Suppose 2*v - 4*a - 2 = 0, 4*a = -2*v - 0 + 10. Suppose -2*i - 5*p = -30, 4*i - v*p - 2*p = 0. Calculate the greatest common divisor of b and i.
5
Suppose 2*g + 674 = -5*i, 2*i + 3*g + 59 + 215 = 0. Let o = -114 - i. What is the highest common factor of 220 and o?
20
Suppose -5*c + 4 = -11. Suppose c = 4*h - 3*h. Let a(k) = k**3 - k**2 + 6*k + 2. Let j be a(h). Calculate the greatest common factor of 19 and j.
19
Let h(u) = -u**3 - 2*u**2 + 15*u + 16. Let m be h(-8). Suppose 41*o = 40*o + 40. Calculate the greatest common divisor of m and o.
40
Let c = -3 + 80. Let k = -33743 - -33754. Calculate the highest common divisor of k and c.
11
Let x be (1 + (-2)/(-4))*38/19. Suppose 20 = 2*j + 4*k, 0*j + j + k = 9. Suppose j*y - 9 = 5*y. What is the greatest common factor of x and y?
3
Let a = 1251 - 556. Let k = a - 625. Let u = 30 + -16. Calculate the highest common divisor of u and k.
14
Let r(d) = -16*d - 62. Let w(x) = 33*x + 125. Let v(g) = -7*r(g) - 4*w(g). Let y be v(-6). What is the highest common divisor of y and 54?
54
Suppose 0 = 187*s - 180*s - 24262. Suppose 3*b + 2*w = s, 4*b - 3*b = -w + 1155. What is the highest common divisor of b and 68?
68
Let h(t) = t**3 + 10*t**2 - 8*t + 37. Let d be h(-11). Suppose -d*z = -2*n + 616, -n = -4*z - 337 + 21. What is the highest common divisor of n and 60?
60
Let z(n) = -2*n + 21. Let h be z(-6). Suppose -h*d - 112 = -35*d. Calculate the greatest common divisor of d and 28.
28
Let b(l) = 56*l**2 - 91*l + 20. Let k be b(-5). Calculate the greatest common factor of 300 and k.
75
Suppose 8 = -4*y + 20. Suppose 4*s - 5*s + 30 = 4*i, -44 = -4*s + y*i. What is the highest common factor of s and 602?
14
Suppose 4*v - 9*v = -260. Let u be 9*((-928)/(-3132))/(6/117). Calculate the highest common factor of u and v.
52
Let p = 706 - 984. Let r = 317 + p. Calculate the highest common factor of 78 and r.
39
Let g = -71 - -155. Let m(j) = -3*j**2 + 16*j + 7. Let t(z) = -6*z**3 - 1. Let x be t(-1). Let k be m(x). What is the highest common divisor of k and g?
12
Suppose -1798 = -5*z - 2*j, 3*z + 4*j = 3*j + 1079. Calculate the highest common divisor of 2250 and z.
90
Let p = 89 - 87. Let i(t) = -3 + 8*t + p + 7 - 2. Let s be i(10). What is the greatest common factor of s and 21?
21
Suppose -668 + 10 = -94*o. Suppose 4*a - 4*b = 24, 0 = -4*b + 8. What is the greatest common factor of a and o?
1
Suppose -10*w + 20831 + 7729 = -4*w. Calculate the highest common divisor of w and 224.
56
Let x be -587*(3 - 40/15)*3. Let w = -567 - x. What is the highest common divisor of 12 and w?
4
Let l be ((-408900)/150)/((-3)/9). What is the greatest common factor of l and 87?
87
Suppose -p - 3*p - 1392 = 0. Let r = -236 - p. What is the greatest common factor of r and 504?
56
Let s be -6 - -2 - 4/(-8)*2. Let o be ((-5)/15)/(s/45). Calculate the greatest common factor of o and 25.
5
Let r(p) be the first derivative of -p**3/3 - 13*p**2 - 43*p - 36. Let m be r(-23). Suppose 10*g = 9*g + 26. What is the greatest common factor of g and m?
26
Let x(z) = z**2 - 366*z + 1599. Let d be x(0). Calculate the greatest common divisor of 39 and d.
39
Suppose 541 + 311 = 50*t + 52. Suppose 5*z + 0*g = -g + 79, -4*z - 4*g + 60 = 0. What is the highest common divisor of t and z?
16
Let y(p) = 2*p. Suppose 30 = 5*q + 5*w, -9 = 3*q - w - 31. Let u be y(q). Let a = -112 - -126. Calculate the greatest common divisor of a and u.
14
Suppose -j - 5*k + 16 = 0, 2*j + 2*k - 16 = -0*j. Suppose 5*o - 41 = -2*y, -j*o = -2*y - 8*o + 26. Calculate the highest common divisor of 56 and y.
8
Suppose 4*h - 16 = 0, 4*u + 132 = -3*h - 288. Let s = u + 148. Let m = -13 - -29. What is the greatest common factor of m and s?
8
Suppose -2*m - 6*q + 80 = -2*q, -q = -4*m + 205. Let j(u) = 316*u + 4674. Let r be j(-14). Calculate the greatest common divisor of m and r.
50
Suppose 5*c + 353 - 398 = 555. What is the greatest common divisor of 96 and c?
24
Suppose 13*v - 22540 - 10890 = -5246. What is the highest common factor of v and 32?
8
Let s be ((-5)/((-50)/(-6)))/(20/(-100)). Suppose s*k + 4*o - 101 - 307 = 0, 0 = 4*k + 5*o - 543. Calculate the greatest common factor of 44 and k.
44
Let u(z) = z**2 + 10*z + 23. Let m be u(-7). Let i(l) = -14*l**2 + 5*l**m + 8*l**2 + 6*l + 7. Let o be i(5).